57 a factor of 24913?
False
Is 97 a factor of 11737?
True
Is 1224 a multiple of 12?
True
Does 15 divide 825?
True
Does 12 divide 2868?
True
Is 4000 a multiple of 20?
True
Does 63 divide 26693?
False
Is 23 a factor of 851?
True
Does 44 divide 46596?
True
Is 2145 a multiple of 5?
True
Is 13 a factor of 34046?
False
Is 936 a multiple of 9?
True
Is 8718 a multiple of 88?
False
Is 5 a factor of 300?
True
Is 9880 a multiple of 76?
True
Does 135 divide 70804?
False
Is 39 a multiple of 13?
True
Is 11 a factor of 18183?
True
Is 1981 even?
False
Does 13 divide 405?
False
Does 112 divide 4892?
False
Is 7 a factor of 1979?
False
Does 66 divide 577?
False
Does 130 divide 19972?
False
Is 5 a factor of 1374?
False
Is 1488 a multiple of 124?
True
Does 41 divide 20951?
True
Is 19 a factor of 589?
True
Does 4 divide 28?
True
Does 8 divide 161?
False
Does 13 divide 2470?
True
Is 39 a factor of 1131?
True
Does 79 divide 6162?
True
Is 1487 a multiple of 13?
False
Does 20 divide 184?
False
Does 31 divide 1039?
False
Does 34 divide 2626?
False
Is 14 a factor of 1652?
True
Is 13 a factor of 938?
False
Is 5 a factor of 285?
True
Is 348 a multiple of 14?
False
Is 3217 a multiple of 9?
False
Is 2 a factor of 1508?
True
Does 13 divide 136097?
True
Is 95623 a multiple of 163?
False
Does 48 divide 492?
False
Is 299 a multiple of 27?
False
Is 5808 a multiple of 176?
True
Is 15 a factor of 1020?
True
Does 5 divide 33471?
False
Is 2 a factor of 7?
False
Does 141 divide 21714?
True
Is 9394 a multiple of 7?
True
Is 9 a factor of 1056?
False
Does 56 divide 392?
True
Is 11 a factor of 724?
False
Is 21 a factor of 126?
True
Is 11178 a multiple of 27?
True
Is 41 a factor of 2132?
True
Is 62 a factor of 1922?
True
Is 2243 a multiple of 4?
False
Does 19 divide 1083?
True
Does 38 divide 190?
True
Does 58 divide 5306?
False
Is 35 a factor of 1575?
True
Is 8 a factor of 280?
True
Does 10 divide 14?
False
Is 14251 a multiple of 13?
False
Is 158 a multiple of 3?
False
Is 18329 a multiple of 59?
False
Is 36 a factor of 100516?
False
Is 21700 a multiple of 30?
False
Is 40 a factor of 3400?
True
Does 30 divide 12090?
True
Is 4219 a multiple of 73?
False
Does 6 divide 1454?
False
Is 28 a factor of 14588?
True
Is 475 a multiple of 2?
False
Is 2 a factor of 41?
False
Is 26 a factor of 743?
False
Does 10 divide 543?
False
Is 17649 a multiple of 37?
True
Does 7 divide 209?
False
Is 188 a factor of 16611?
False
Does 102 divide 612?
True
Does 4 divide 14222?
False
Is 11935 a multiple of 77?
True
Is 25 a factor of 4901?
False
Is 67 a factor of 2728?
False
Is 40 a factor of 10760?
True
Is 85 a multiple of 17?
True
Does 17 divide 2737?
True
Does 81 divide 11219?
False
Is 27 a factor of 38198?
False
Is 30842 a multiple of 28?
False
Is 22 a factor of 8926?
False
Is 69 a multiple of 31?
False
Is 896 a multiple of 75?
False
Is 9 a factor of 146?
False
Is 9 a factor of 2925?
True
Is 133 a factor of 17024?
True
Does 132 divide 5980?
False
Is 31 a factor of 401?
False
Is 20 a factor of 3199?
False
Is 25969 a multiple of 21?
False
Is 69509 a multiple of 20?
False
Is 11 a factor of 85949?
False
Is 3816 a multiple of 72?
True
Is 7524 a multiple of 38?
True
Does 3 divide 6117?
True
Is 32 a factor of 7424?
True
Is 11 a factor of 608?
False
Is 9 a factor of 6953?
False
Does 82 divide 988?
False
Is 101 a factor of 66963?
True
Does 5 divide 53530?
True
Is 5 a factor of 53?
False
Is 38 a factor of 70?
False
Does 12 divide 46416?
True
Does 4 divide 95?
False
Does 62 divide 7750?
True
Is 432 a multiple of 18?
True
Does 22 divide 42391?
False
Is 15 a factor of 17919?
False
Is 37 a factor of 7215?
True
Is 1008 a multiple of 18?
True
Does 28 divide 7497?
False
Is 5633 a multiple of 27?
False
Does 21 divide 16494?
False
Does 46 divide 1472?
True
Is 27 a factor of 108?
True
Is 21 a factor of 10022?
False
Is 6 a factor of 6338?
False
Is 798 a multiple of 42?
True
Is 1069 a multiple of 56?
False
Is 391 a multiple of 23?
True
Is 91 a factor of 1001?
True
Is 30 a factor of 210?
True
Does 139 divide 834?
True
Is 14 a factor of 2912?
True
Does 34 divide 2895?
False
Does 25 divide 645?
False
Does 3 divide 3302?
False
Is 3 a factor of 3698?
False
Is 34 a factor of 7878?
False
Is 475 a multiple of 25?
True
Does 53 divide 3498?
True
Is 20619 a multiple of 79?
True
Does 10 divide 2560?
True
Is 60 a factor of 1320?
True
Is 20 a factor of 4288?
False
Does 78 divide 151?
False
Is 20 a factor of 712?
False
Is 870 a multiple of 13?
False
Does 95 divide 4637?
False
Does 12 divide 1980?
True
Is 82606 a multiple of 127?
False
Is 10 a factor of 480?
True
Is 68 a factor of 3900?
False
Is 33 a factor of 528?
True
Is 66 a factor of 483?
False
Is 19 a factor of 1653?
True
Does 46 divide 4830?
True
Does 56 divide 14660?
False
Does 18 divide 3456?
True
Does 8 divide 6712?
True
Does 31 divide 6479?
True
Is 656 a multiple of 164?
True
Does 33 divide 1394?
False
Is 3 a factor of 96?
True
Does 11 divide 2750?
True
Is 9 a factor of 789?
False
Is 62464 a multiple of 256?
True
Is 60241 a multiple of 14?
False
Is 24 a multiple of 8?
True
Is 2145 a multiple of 61?
False
Is 14 a factor of 2736?
False
Is 7 a factor of 47?
False
Is 284 a multiple of 4?
True
Is 46 a factor of 1728?
False
Does 18 divide 2250?
True
Does 13 divide 2589?
False
Does 16 divide 4752?
True
Is 33 a factor of 383?
False
Is 8 a factor of 161?
False
Does 9 divide 2529?
True
Is 9850 a multiple of 50?
True
Is 47 a factor of 203?
False
Is 9 a factor of 344?
False
Is 748 a multiple of 34?
True
Is 15 a factor of 19029?
False
Is 36 a multiple of 13?
False
Is 34495 a multiple of 8?
False
Does 12 divide 25176?
True
Is 276 a multiple of 3?
True
Is 13 a factor of 6734?
True
Is 602 a multiple of 20?
False
Is 14 a factor of 510?
False
Is 13955 a multiple of 210?
False
Is 14 a factor of 1205?
False
Does 14 divide 147378?
True
Is 41 a factor of 138254?
False
Is 33403 a multiple of 13?
False
Is 24 a factor of 1824?
True
Does 16 divide 6736?
True
Is 154 a multiple of 10?
False
Is 35243 a multiple of 13?
True
Does 63 divide 3287?
False
Does 24 divide 744?
True
Is 15 a factor of 270?
True
Is 1134 a multiple of 11?
False
Is 2368 a multiple of 64?
True
Is 114 a multiple of 2?
True
Does 6 divide 1711?
False
Is 300 a multiple of 5?
True
Does 13 divide 6449?
False
Is 3 a factor of 606?
True
Is 96420 a multiple of 15?
True
Does 232 divide 464?
True
Is 2038 a multiple of 12?
False
Does 9 divide 2133?
True
Is 30 a multiple of 3?
True
Is 10 a factor of 9740?
True
Is 37179 a multiple of 81?
True
Is 50739 a multiple of 31?
False
Is 3 a factor of 60?
True
Is 59 a factor of 1357?
True
Does 57 divide 3192?
True
Does 16 divide 5749?
False
Is 60 a factor of 23899?
False
Does 22 divide 35034?
False
Does 34 divide 2614?
False
Is 1440 a multiple of 10?
True
Is 448 a multiple of 12?
False
Does 126 divide 1579?
False
Does 8 divide 212?
False
Is 10 a factor of 7602?
False
Is 48 a factor of 168?
False
Does 47 divide 708?
False
Is 897 even?
False
Is 1239 a multiple of 33?
False
Is 222 even?
True
Is 47 a factor of 282?
True
Does 47 divide 2444?
True
Does 13 divide 663?
True
Is 745 a multiple of 14?
False
Does 46 divide 8767?
False
Is 27 a factor of 1452?
False
Is 12 a factor of 23486?
False
Is 7610 a multiple of 29?
False
Is 21 a factor of 15496?
False
Is 4910 a multiple of 29?
False
Does 42 divide 8981?
False
Is 13 a factor of 1090?
False
Does 4 divide 983?
False
Is 44 a factor of 4576?
True
Is 2904 a multiple of 11?
True
Is 53702 a multiple of 22?
True
Is 27 a factor of 8751?
False
Does 86 divide 1290?
True
Is 41 a factor of 15719?
False
Is 26 a factor of 1404?
True
Is 4582 a multiple of 19?
False
Does 23 divide 276?
True
Does 41 divide 916?
False
Is 4902 a multiple of 38?
True
Is 27 a factor of 23299?
False
Does 21 divide 189?
True
Does 75 divide 825?
True
Does 18 divide 153?
False
Does 188 divide 97534?
False
Is 15 a factor of 480?
True
Does 102 divide 2346?
True
Is 12 a factor of 1392?
True
Is 10 a factor of 67620?
True
Does 13 divide 4568?
False
Is 6 a factor of 354?
True
Is 2178 a multiple of 121?
True
Is 920 a multiple of 8?
True
Does 34 divide 476?
True
Is 903 a multiple of 45?
False
Is 1014 a multiple of 16?
False
Does 118 divide 10359?
False
Does 43 divide 860?
True
Is 24 a factor of 408?
True
Does 6 divide 701?
Fals